
Convert d (base 15) to base 13.
10
Convert 12 (base 8) to base 7.
13
Convert 134 (base 6) to base 5.
213
1 (base 3) to base 9
1
What is 17 (base 15) in base 11?
20
What is 0 (base 15) in base 3?
0
343 (base 6) to base 14
99
6 (base 11) to base 9
6
What is -1203 (base 5) in base 4?
-2302
What is -109 (base 11) in base 5?
-1010
-7 (base 16) to base 4
-13
Convert 10 (base 14) to base 5.
24
-102 (base 3) to base 2
-1011
Convert -100 (base 2) to base 9.
-4
Convert 24 (base 5) to base 10.
14
-3 (base 15) to base 12
-3
Convert 3 (base 16) to base 9.
3
Convert 3 (base 5) to base 7.
3
Convert 5a (base 11) to base 12.
55
16 (base 11) to base 7
23
What is 11 (base 10) in base 7?
14
Convert 3 (base 13) to base 8.
3
551 (base 7) to base 6
1145
100000 (base 2) to base 11
2a
-133 (base 5) to base 10
-43
-3 (base 16) to base 2
-11
16 (base 7) to base 12
11
-1 (base 11) to base 10
-1
Convert 3 (base 6) to base 7.
3
Convert 0 (base 4) to base 16.
0
What is 262 (base 7) in base 3?
12021
What is 122 (base 4) in base 13?
20
What is -136 (base 12) in base 3?
-20220
What is -4 (base 12) in base 5?
-4
1 (base 2) to base 13
1
What is -6 (base 11) in base 2?
-110
1 (base 11) to base 12
1
6 (base 11) to base 7
6
102 (base 4) to base 6
30
Convert 1c (base 13) to base 8.
31
What is 7b (base 16) in base 5?
443
-29 (base 16) to base 2
-101001
11 (base 8) to base 14
9
4 (base 5) to base 6
4
8 (base 13) to base 10
8
Convert -8 (base 16) to base 3.
-22
Convert 1 (base 4) to base 9.
1
What is -2b (base 13) in base 16?
-25
Convert 1 (base 12) to base 7.
1
-145 (base 6) to base 5
-230
111 (base 2) to base 3
21
What is 61 (base 9) in base 11?
50
Convert 1102 (base 4) to base 15.
57
What is -3 (base 6) in base 12?
-3
Convert 102 (base 7) to base 4.
303
What is 6 (base 13) in base 8?
6
Convert 7 (base 14) to base 4.
13
Convert 1 (base 2) to base 9.
1
Convert 0 (base 10) to base 6.
0
What is -3 (base 13) in base 2?
-11
What is 444 (base 5) in base 9?
147
What is -2 (base 9) in base 6?
-2
0 (base 11) to base 4
0
9 (base 12) to base 4
21
-9 (base 15) to base 11
-9
11 (base 7) to base 10
8
2 (base 14) to base 2
10
Convert -12 (base 4) to base 16.
-6
-1021 (base 3) to base 7
-46
What is 1 (base 13) in base 5?
1
Convert -235 (base 6) to base 4.
-1133
110 (base 2) to base 9
6
What is -183 (base 14) in base 12?
-21b
What is 1424 (base 5) in base 15?
10e
Convert 38 (base 13) to base 7.
65
Convert -50 (base 7) to base 5.
-120
Convert 120 (base 11) to base 10.
143
-22 (base 7) to base 10
-16
1 (base 8) to base 13
1
What is -7 (base 12) in base 11?
-7
-27 (base 10) to base 12
-23
Convert -277 (base 9) to base 12.
-174
Convert 0 (base 9) to base 3.
0
Convert 1 (base 2) to base 12.
1
141 (base 5) to base 15
31
2 (base 7) to base 14
2
What is 2 (base 9) in base 12?
2
What is -2 (base 14) in base 7?
-2
Convert -1 (base 13) to base 14.
-1
What is -1 (base 15) in base 6?
-1
-46 (base 14) to base 13
-4a
102 (base 5) to base 4
123
What is -111 (base 2) in base 16?
-7
Convert 210 (base 4) to base 14.
28
Convert -13 (base 4) to base 8.
-7
What is -b5 (base 16) in base 2?
-10110101
What is -3 (base 12) in base 16?
-3
-211 (base 7) to base 3
-10221
Convert 6 (base 8) to base 3.
20
Convert -5 (base 7) to base 10.
-5
Convert -26a (base 11) to base 15.
-163
Convert 1 (base 10) to base 9.
1
What is -14 (base 10) in base 11?
-13
Convert -10 (base 2) to base 9.
-2
-4 (base 10) to base 16
-4
8 (base 14) to base 16
8
Convert 3 (base 4) to base 16.
3
1 (base 9) to base 8
1
-32 (base 8) to base 7
-35
b1 (base 16) to base 9
216
10 (base 3) to base 14
3
Convert 12 (base 3) to base 7.
5
2 (base 10) to base 16
2
What is 42 (base 10) in base 2?
101010
Convert 32 (base 4) to base 3.
112
101111 (base 2) to base 16
2f
Convert 7 (base 11) to base 14.
7
What is -25 (base 9) in base 12?
-1b
Convert -2 (base 4) to base 16.
-2
What is 120 (base 5) in base 10?
35
4 (base 14) to base 4
10
What is 0 (base 10) in base 11?
0
Convert -12 (base 15) to base 16.
-11
Convert b (base 12) to base 2.
1011
What is 1200 (base 3) in base 16?
2d
Convert 12 (base 4) to base 7.
6
What is -26 (base 12) in base 3?
-1010
What is -321 (base 6) in base 10?
-121
Convert -9 (base 15) to base 14.
-9
What is 53 (base 12) in base 9?
70
What is -2 (base 13) in base 11?
-2
Convert -1104 (base 6) to base 14.
-144
What is -8 (base 10) in base 12?
-8
What is 1 (base 6) in base 15?
1
Convert -10 (base 4) to base 7.
-4
What is -1011100 (base 2) in base 16?
-5c
What is -17 (base 14) in base 15?
-16
What is -35 (base 13) in base 8?
-54
-114 (base 6) to base 5
-141
-34 (base 16) to base 12
-44
-82 (base 12) to base 7
-200
Convert -1 (base 7) to base 6.
-1
What is -111 (base 2) in base 14?
-7
Convert 13 (base 4) to base 10.
7
What is 58 (base 10) in base 5?
213
-5 (base 6) to base 3
-12
Convert -1 (base 14) to base 10.
-1
-2200 (base 3) to base 16
-48
What is -205 (base 7) in base 4?
-1213
6 (base 7) to base 14
6
Convert -3 (base 11) to base 5.
-3
5 (base 12) to base 13
5
Convert 504 (base 6) to base 14.
d2
What is 105 (base 6) in base 14?
2d
Convert -3 (base 15) to base 7.
-3
6 (base 12) to base 5
11
Convert -180 (base 9) to base 14.
-ad
Convert -20 (base 5) to base 4.
-22
11 (base 6) to base 3
21
Convert 2 (base 5) to base 9.
2
What is 10 (base 4) in base 9?
4
Convert 10 (base 7) to base 8.
7
What is 5 (base 14) in base 12?
5
-162 (base 9) to base 16
-89
Convert 0 (base 13) to base 5.
0
10 (base 5) to base 3
12
-110 (base 5) to base 13
-24
Convert -6 (base 14) to base 13.
-6
12 (base 7) to base 6
13
Convert 15 (base 9) to base 3.
112
What is -8 (base 12) in base 10?
-8
82 (base 9) to base 11
68
Convert -11010 (base 2) to base 15.
-1b
What is -8 (base 14) in base 15?
-8
What is 4 (base 10) in base 14?
4
What is -2a (base 15) in base 2?
-101000
What is 3 (base 15) in base 6?
3
What is 46 (base 7) in base 14?
26
Convert 20 (base 3) to base 7.
6
What is -22 (base 12) in base 7?
-35
What is 5 (base 10) in base 7?
5
0 (base 12) to base 10
0
-3 (base 4) to base 3
-10
2030 (base 4) to base 3
12012
What is 1000 (base 2) in base 9?
8
Convert -4 (base 16) to base 2.
-100
-1101 (base 2) to base 10
-13
Convert -242 (base 9) to base 5.
-1300
What is 1 (base 3) in base 11?
1
Convert -445 (base 8) to base 15.
-148
Convert 1 (base 11) to base 14.
1
11102 (base 3) to base 15
7e
Convert -b (base 12) to base 9.
-12
What is -122 (base 4) in base 12?
-22
Convert -3 (base 13) to base 9.
-3
Convert -2012 (base 3) to base 11.
-54
What is -3 (base 8) in base 6?
-3
Convert -d (base 14) to base 3.
-111
5 (base 16) to base 5
10
What is -13 (base 9) in base 14?
-c
What is 1 (base 11) in base 9?
1
Convert -1 (base 3) to base 12.
-1
Convert 19 (base 11) to base 15.
15
Convert 2 (base 7) to base 5.
2
Convert 1 (base 7) to base 4.
1
410 (base 5) to base 10
105
Convert 2 (base 6) to base 10.
2
Convert -3 (base 15) to base 3.
-10
Convert 22220 (base 3) to base 13.
156
What is -17 (base 8) in base 11?
-14
1111 (base 2) to base 11
14
Convert -a2 (base 11) to base 16.
-70
Convert 253 (base 9) to base 11.
181
13 (base 6) to base 5
14
Convert -80 (base 9) to base 15.
-4c
What is 31 (base 14) in base 3?
1121
-a (base 13) to base 15
-a
8 (base 9) to base 8
10
What is 6 (base 14) in base 7?
6
What is 110 (base 3) in base 5?
22
1 (base 10) to base 3
1
What is 56 (base 15) in base 12?
69
What is 2c (base 16) in base 12?
38
Convert -3 (base 8) to base 5.
-3
What is 6 (base 10) in base 8?
6
What is -6 (base 15) in base 11?
-6
What is 1 (base 6) in base 7?
1
Convert -4 (base 14) to base 3.
-11
What is 54 (base 7) in base 8?
47
-12111 (base 3) to base 13
-b5
-1111 (base 2) to base 3
-120
3 (base 4) to base 16
3
What is 233 (base 7) in base 15?
82
What is -14 (base 6) in base 16?
-a
12 (base 5) to base 10
7
Convert -2 (base 8) to base 4.
-2
Convert 14 (base 6) to base 9.
11
Convert -10 (base 3) to base 7.
-3
-300 (base 5) to base 4
-1023
0 (base 15) to base 7
0
Convert 56 (base 16) to base 12.
72
Convert -47 (base 10) to base 9.
-52
What is 4 (base 5) in base 8?
4
-3 (base 7) to base 10
-3
-8 (base 10) to base 12
-8
What is 22 (base 5) in base 9?
13
Convert -121 (base 8) to base 7.
-144
Convert -a (base 16) to base 15.
-a
What is 13 (base 5) in base 10?
8
26 (base 7) to base 8
24
-14 (base 10) to base 4
-32
Wh